 the value of 17 + (-1 + 6 - 24) + (58 - 39)?
17
Calculate 59 - (26 - 2 - (22 - 1 - 2)).
54
(-18 + 25 - 13) + (4 - (-7 - -9)) + -35
-39
What is the value of 71 - 5 - ((23 - 31 - -15) + 2 + -3)?
60
What is (12 - (53 + -21 + -8 + -4)) + -12?
-20
Evaluate 1 + 69 - (-4195 - -4207).
58
71 + (-96 - (36 - 88))
27
(-61 - (-30 + 17 + 5)) + 12 + 0
-41
Calculate -12 - 10 - -40 - -5 - 18.
5
-22 - 36 - (-242 + 293)
-109
Calculate (-7 - 21) + 18 - 19 - -8.
-21
Calculate 76 - (12 + -15 - 47).
126
What is -24 - (-15 + 11 - 41) - 9?
12
What is the value of -70 + 4 + 18 + -19 + 21 + -38?
-84
Evaluate 11 + -10 - (19 + (-12 - (2 - 7))).
-11
Evaluate -10 + (13 - 1) + -9 + 10 - (-10 + -21).
34
-40 - (3 - 25 - (61 - 60))
-17
What is the value of -9 + (-6 - (1 + 6 + -92 - 2))?
72
What is 3 - -8 - (-46 + -14 - -108)?
-37
Calculate (65 - (63 + -45)) + -63.
-16
What is the value of 50 + -31 - 28 - (-2 - 43) - 8?
28
What is the value of -5142 - -5143 - (9 + -3 + 1)?
-6
Calculate 62 + (-9 - 87) - -68.
34
Calculate 36 - (11 - 0) - ((6 - (7 + -4)) + -11).
33
Evaluate -22 + 39 + 39 + -37 + -93.
-74
18 + (21 - -25) + -11 + 4
57
-1 + (30 - (-43 - -81) - (-1 - -10))
-18
Evaluate -16 - (3 + -2) - (-36 - (-129 - -105)).
-5
Calculate -808 + 770 - (-29 - -1) - 14.
-24
What is the value of -45 - ((-1 - -7) + (27 - (33 + -5 - -8)))?
-42
Calculate 23 + (-4 - -3) - (282 - 224).
-36
What is -46 + 0 + 55 + -13 + -1 + -15 + -2?
-22
-4 - (-2 - (1 - 3)) - (-14 + -18 + 21)
7
Evaluate 6 + 5 + (4 - (31 + -6)).
-10
Evaluate ((-30 - -9) + 9 - -16) + 26 + 11.
41
Calculate -67 + -4 + -17 + 30.
-58
Calculate 4 + -20 + -2 + -34 - -22.
-30
Evaluate 11 - (-73 - -96) - (-2 + 2 + 37).
-49
Evaluate -26 + 14 + (6 - -1) + -36.
-41
Calculate 11 - 7 - -10 - (-1 + 14) - (-8 - -2).
7
(38 - (9 - -11)) + 19
37
Evaluate -4 + -3 + 15 + (1 - 1 - -14).
22
What is (814 - 761) + -133 + -6?
-86
What is 1 - (12 - (2 + 6) - -17 - -8)?
-28
31 + (-88 - -31) - -6
-20
Calculate 11 + (12 - (-63 + 110)).
-24
What is -4 + 16 + -17 + 7 + -4 + -11 + -2?
-15
What is the value of -88 + 89 + (0 - 1) + -4 + (-16 - 40)?
-60
What is -13 - (2 + 0) - (60 + -24 - -34)?
-85
What is the value of 9 - (-7 + -20 + 2 + 11 + (5 - -12))?
6
Calculate (8 + (1 - -5) - (8 + 0)) + (-3 - 34).
-31
What is 21 + 19 + 22 - 55?
7
Evaluate -6 + (14 - 4 - -4) + (-6 - (-2 + 3)).
1
Calculate 128 - (265 + (13 - 3)).
-147
Calculate 73 - (-9 - (-49 + -13)).
20
Evaluate 9 + 58 - (-267 + 327) - (-62 - 0).
69
(17 - -8) + (-17 - -12) + 10
30
Evaluate (-9 - -17) + 9 - (22 - 7).
2
Calculate -114 - (-63 - (-74 - -115)).
-10
Evaluate 16 - (117 - -22 - 106).
-17
Calculate (-437 - -475) + -8 + (-3 - -2).
29
Evaluate 3 + 96 - ((38 - (16 + 1)) + -43 + 7).
114
What is (1 - 2 - 59) + (91 + -118 - -38)?
-49
What is the value of 4473 - 4470 - (-20 - -1 - 1) - 139?
-116
Calculate -47 - (-16 + (47 - 101)).
23
What is -4 + 10 + (66 - 66) + 29?
35
Calculate 6 - 35 - (11 - (2 + -5 + 12) - 4).
-27
Calculate 1 - -10 - (-74 + 79) - (-4 + 17) - -82.
75
Evaluate (-43 - (-7 + -9 + 4)) + -2 + 5.
-28
43 + 0 + 2 - (-556 - -566)
35
Evaluate 18 - ((11 - 1) + 8 + -4) - -9.
13
What is (57 - (-9 + 16 + -1) - (11 + -14)) + -11?
43
What is the value of 112 - (-20 + 147 + -41)?
26
4 - (15 - (33 + -18 + -9))
-5
What is the value of (23 - 100) + -7 + (32 - -1) + -11?
-62
What is 34 - (56 - (-77 - -126))?
27
Evaluate -12 + -48 + 7 + 37.
-16
Calculate -1 + -89 + (2 - 10 - -15 - (-24 + 20)).
-79
Evaluate -12 - -5 - (12 + 1 - 21 - (5 - -8)).
14
What is (46 - 40) + 38 - (6 - 3)?
41
What is the value of (-3 - -48) + (235 - 302)?
-22
Calculate 4 + 0 + (-13 - 0) + (294 - 253).
32
Evaluate 55 + 33 - 195 - 6.
-113
What is -98 + -2 - 1 - (48 - (82 - 36))?
-103
(-140 - -220 - -38) + -131
-13
Evaluate 51 + -17 + -24 + 26 + 41.
77
Calculate -81 + -30 + (95 - 17) + -28.
-61
What is the value of -72 - -1 - (-4115 - -4054)?
-10
44 + (30 - (81 - 81))
74
Calculate 9 - (-10 + 0 + 39 + (28 - 21)).
-27
What is the value of 80 + (-323 - -263) + 0 + 107?
127
Calculate (-13 + 16 - (-3 + -22)) + -3.
25
30 - (-2 + -11 - (16 + -4 + -14 + -7))
34
What is the value of (-122 - (-6 - 99)) + 41?
24
Evaluate 18 + (7 - 9) + (31 - 58).
-11
What is 4 - (0 + 11 - (7 - 6)) - 19?
-25
-90 - (41 - 58 - (-14 - (2 + -1)))
-88
Evaluate 57 - (8 + 32 + -28).
45
What is -77 + 94 + (-46 - 1)?
-30
What is -53 + (19 - -17) - 26?
-43
What is 14 + 6 + (4 - -12) + 23 - -5?
64
-124 - (-59 - (124 + -175))
-116
Calculate -85 - ((6 - 17) + (-4 - -35) - (19 - 10)).
-96
What is -79 + 193 + 8 + -72?
50
What is the value of (-9 - -18) + -7 + -2 + 0 + 21?
21
Evaluate 28 + -38 - ((2 + -6 - -7) + (-14 - -3)).
-2
Calculate -11 + (-13 - -25) + (-10 - -6) - (-11 - -133).
-125
Evaluate -20 - (-1 + (-28 - (-4 + -10))).
-5
What is the value of -3 + 55 - (-499 - -520)?
31
(-7 + -1 - (66 + -78)) + 0 + (20 - 1)
23
What is the value of -2439 - -2380 - (-2 + -18)?
-39
What is the value of -5 - (-17 + -26 + 67 - (-33 + 2))?
-60
What is the value of (-1 - (-2 + -8 - 1)) + (3 + 73 - 55)?
31
What is the value of 77 - (-26 - -7 - (-25 + (16 - -8)))?
95
-69 + (-3 + 6 - (18 - (-5 + -12 + 22)))
-79
Calculate (16 + (-73 - -30) + 58 - 25) + -5 + 0.
1
What is the value of 1 + 29 + 2 + (-7 - 14 - 7) + 24?
28
Calculate 91 + -105 + (53 - 39).
0
What is the value of (103 - (65 + 14)) + -13?
11
Calculate 10 + (-27 - (37 - 138)).
84
Calculate (1 - -70) + (-3 - -3) + -11 + 9 + -1.
68
What is 3 + (203 + -64 - (2 + 13) - -3) - 0?
130
Evaluate 4 + 12 + 285 + -324.
-23
Evaluate 15 - (3 + 12 - (-4 + -10 + -70)).
-84
Calculate -57 - (44 + -114 - 39).
52
What is the value of 70 + (-38 - (-60 + 113))?
-21
Calculate ((-25 - -5) + 6 - (74 - 61)) + -8.
-35
What is -21 - -15 - (0 - 2 - 0 - (-20 + 27))?
3
What is the value of 40 + 66 + (-72 - 36)?
-2
(-111 - -1) + (255 - 222) + -2 + 8
-71
Evaluate -8 + -4 + 3 + 11 + 23 + 1.
26
What is the value of (-4 - (11 - 27 - -20)) + 13 + 27 + 2?
34
What is the value of -27 + (-76 + 39 - -30)?
-34
What is (2 - 38) + (11 + -21 - -20)?
-26
What is 66 + (3 - 12 - -29)?
86
What is -41 + (-1 - (-1 - -12 - (16 - 8))) + 4?
-41
Calculate (-2 - (-2 - 15)) + -288 + 219.
-54
-4 + (2 - -1) - 109 - (31 - -8 - 37)
-112
Calculate 9 + 8 + (-26 - -3 - 3) + 2 + 92.
85
What is the value of -263 + 156 + 16 - (-3 + -15)?
-73
Evaluate (-14 - 6) + 8 + 30 - 29.
-11
What is (-1 + 0 - -8) + -6299 + 6252?
-40
(-37 + 5 - -203) + -15 - 37
119
What is the value of -2 + (24 - 3) - (11 + -25 + 29 + -9)?
13
-31 - (-21 + 2) - (1 - (4 - (2 + 1)))
-12
2 - (3 - 11) - (996 - 931)
-55
Evaluate -88 - ((-110 - -133) + -78).
-33
(1 - (1 + -25) - 35) + 8 - 5
-7
Calculate -62 - (-2 - (-3 - 8 - 15)).
-86
Evaluate 75 - (-12 + (-4 - -28) - 0 - (4 + -3)).
64
(10 - 3) + (-6 + -3 + 57 + 12 - -12)
79
Evaluate -14 + (-62 + 67 - (0 + -14)).
5
What is the value of (47 + 6 - (2 - -13)) + -18?
20
Evaluate 5 - 3 - -51 - (-57 + 47 + 32).
31
(-36 - 2) + 599 + -548 - (-1 + 42)
-28
(9 - 0) + (85 - 99) + (-41 - -8) + -6
-44
What is 24 + (-31 - (-2 - 7)) - 39?
-37
Calculate 1 + -12 + -187 + 141 + 19 + -34.
-72
986 - 1041 - (-37 - 8)
-10
What is 62 - (-41 + (11 - (21 + -43)))?
70
(-7 - (-3 + 2)) + (18 - (65 + -18))
-35
What is the value of 4 - (0 + 60 + -1 + -147 + (319 - 165))?
-62
Evaluate -22 + 156 - (-2 - (10 + 9 + -18)).
137
What is the value of (12934 - 12876) + -19 + (-2 - -2)?
39
-21 - -18 - (4 - (6 - 2))
-3
Calculate 48 + -57 - ((7 + 3 - 3) + -3).
-13
What is the value of (0 - (1 - 2)) + -12 + 374 + -310 + 31?
84
Calculate 10 - (-10 + (-26 - -36) + (-1 - -7) - 31).
35
27 - (12 - 10 - (11 - -3))
39
What is the value of (-1 - -240) + -61 + -96?
82
(-2 - 20) + (-144 - -81) + 81
-4
Evaluate 30 + (61 - 74) - 23 - (-80 + 0).
74
What is the value of -34 + 60 - 115 - 42?
-131
-44 - 50 - (-53 + -5)
-36
Evaluate 5 + (4 - (3 + 2)) + (58 + -4 - -1).
59
-1 + 1 + (3 + 68 - (15 + -62 - -44))
74
Evaluate 42 + -2 + -57 + 65 + -32.
16
What is the value of -41 - -9 - (-151 - -119 - (1 + -17))?
-16
Evaluate -2 - (-6 - 28) - 5 - (-17 + -17 + 42).
19
What is the value of -133 - (-199 - (31 + -3))?
94
What is 64 - -2 - (565 - 541)?
42
-77 + 120 + -76 - -24
-9
Evaluate 61 - (-67 - -51 - -15).
62
Calculate (1431 - 1451) + (-10 - -5 - -27) + 63 + 0.
65
What is -2 - (41 + 18 + -78)?
17
What is the value of -94 + (26 - 0) + -32 + 31?
-69
Evaluate